{"id":21944,"date":"2025-05-15T09:13:48","date_gmt":"2025-05-15T07:13:48","guid":{"rendered":"https:\/\/nord.humanwirtschaftspartei.de\/?page_id=21944"},"modified":"2025-05-23T20:36:28","modified_gmt":"2025-05-23T18:36:28","slug":"niedersachsen","status":"publish","type":"page","link":"https:\/\/nord.humanwirtschaftspartei.de\/?page_id=21944","title":{"rendered":"Niedersachsen"},"content":{"rendered":"<div class=\"wp-block-image\">\n<figure class=\"aligncenter size-medium\"><img loading=\"lazy\" decoding=\"async\" width=\"300\" height=\"300\" src=\"https:\/\/nord.humanwirtschaftspartei.de\/wp-content\/uploads\/2025\/05\/wap-ns-300x300.jpg\" alt=\"\" class=\"wp-image-22073\" srcset=\"https:\/\/nord.humanwirtschaftspartei.de\/wp-content\/uploads\/2025\/05\/wap-ns-300x300.jpg 300w, https:\/\/nord.humanwirtschaftspartei.de\/wp-content\/uploads\/2025\/05\/wap-ns-1024x1024.jpg 1024w, https:\/\/nord.humanwirtschaftspartei.de\/wp-content\/uploads\/2025\/05\/wap-ns-150x150.jpg 150w, https:\/\/nord.humanwirtschaftspartei.de\/wp-content\/uploads\/2025\/05\/wap-ns-768x768.jpg 768w, https:\/\/nord.humanwirtschaftspartei.de\/wp-content\/uploads\/2025\/05\/wap-ns-1536x1536.jpg 1536w, https:\/\/nord.humanwirtschaftspartei.de\/wp-content\/uploads\/2025\/05\/wap-ns-2048x2048.jpg 2048w, https:\/\/nord.humanwirtschaftspartei.de\/wp-content\/uploads\/2025\/05\/wap-ns-1320x1320.jpg 1320w, https:\/\/nord.humanwirtschaftspartei.de\/wp-content\/uploads\/2025\/05\/wap-ns-250x250.jpg 250w\" sizes=\"auto, (max-width: 300px) 100vw, 300px\" \/><\/figure>\n<\/div>\n\n\n<p>Niedersachsen als gro\u00dfes Fl\u00e4chenland &#8230;.<\/p>\n\n\n<ul class=\"wp-block-latest-posts__list has-dates has-author wp-block-latest-posts\"><li><a class=\"wp-block-latest-posts__post-title\" href=\"https:\/\/nord.humanwirtschaftspartei.de\/?p=22344\">Kl\u00f6nschnack in Springe \/ neues Flugblatt<\/a><div class=\"wp-block-latest-posts__post-author\">von Redaktion Nord<\/div><time datetime=\"2026-03-27T10:17:23+01:00\" class=\"wp-block-latest-posts__post-date\">27. M\u00e4rz 2026<\/time><div class=\"wp-block-latest-posts__post-excerpt\">Am 7. M\u00e4rz kamen in der ehemaligen Kreisstadt Springe am Deister im Calenberger Land eine kleine Runde von Freiwirten zu einem Kl\u00f6nschnack mit Kaffee\/Tee und &hellip; <\/div><\/li>\n<li><a class=\"wp-block-latest-posts__post-title\" href=\"https:\/\/nord.humanwirtschaftspartei.de\/?p=22340\">L\u00fcneburger Wochen gegen Rassismus 2026 \u2013 F\u00fcr eine offene Gesellschaft<\/a><div class=\"wp-block-latest-posts__post-author\">von Redaktion Nord<\/div><time datetime=\"2026-03-09T13:55:20+01:00\" class=\"wp-block-latest-posts__post-date\">9. M\u00e4rz 2026<\/time><div class=\"wp-block-latest-posts__post-excerpt\">Im Rahmen der L\u00fcneburger Wochen gegen Rassismus finden vom 09. bis zum 29. M\u00e4rz 2026 in der Salzstadt und Umgebung wieder viele Veranstaltungen, wie z. &hellip; <\/div><\/li>\n<li><a class=\"wp-block-latest-posts__post-title\" href=\"https:\/\/nord.humanwirtschaftspartei.de\/?p=22329\">Nachruf zum Tode von Heinz Schr\u00f6der<\/a><div class=\"wp-block-latest-posts__post-author\">von Redaktion Nord<\/div><time datetime=\"2026-02-17T10:17:53+01:00\" class=\"wp-block-latest-posts__post-date\">17. Februar 2026<\/time><div class=\"wp-block-latest-posts__post-excerpt\">Am 9. Februar gab die Gesch\u00e4ftsstelle der Humanwirtschaftspartei Nord dem am 20. Januar im Alter von 102 Jahren verstorbenen Parteifreund Heinz Schr\u00f6der in Wolfsburg das &hellip; <\/div><\/li>\n<li><a class=\"wp-block-latest-posts__post-title\" href=\"https:\/\/nord.humanwirtschaftspartei.de\/?p=22320\">Frieden soll werden &#8211; Frieden auf Erden<\/a><div class=\"wp-block-latest-posts__post-author\">von Web Master<\/div><time datetime=\"2026-01-30T09:37:50+01:00\" class=\"wp-block-latest-posts__post-date\">30. Januar 2026<\/time><div class=\"wp-block-latest-posts__post-excerpt\">Hier kommt eine nach Bundesl\u00e4ndern sortierte \u00dcbersicht aller nachweisbaren Friedensdemos, Mahnwachen und Friedensgebete im Februar 2026 Viele Gruppen aktualisieren ihre Kalender erst kurzfristig. \ud83d\udd4a\ufe0f Friedensaktionen &hellip; <\/div><\/li>\n<li><a class=\"wp-block-latest-posts__post-title\" href=\"https:\/\/nord.humanwirtschaftspartei.de\/?p=22300\">75 Jahre Parteimitgliedschaft<\/a><div class=\"wp-block-latest-posts__post-author\">von Redaktion Nord<\/div><time datetime=\"2025-12-08T14:20:54+01:00\" class=\"wp-block-latest-posts__post-date\">8. Dezember 2025<\/time><div class=\"wp-block-latest-posts__post-excerpt\">J\u00fcngst besuchte die Gesch\u00e4ftsstelle der Humanwirtschaftspartei Nord unseren Parteifreund Heinz Schr\u00f6der in Wolfsburg um ihm zur 75-j\u00e4hrigen Mitgliedschaft in der Humanwirtschaftspartei\/FSU zu gratulieren, nebst \u00dcberreichung &hellip; <\/div><\/li>\n<\/ul>","protected":false},"excerpt":{"rendered":"<p>Niedersachsen als gro\u00dfes Fl\u00e4chenland &#8230;.<\/p>\n","protected":false},"author":5,"featured_media":0,"parent":25,"menu_order":4,"comment_status":"closed","ping_status":"closed","template":"","meta":{"rop_custom_images_group":[],"rop_custom_messages_group":[],"rop_publish_now":"initial","rop_publish_now_accounts":{"facebook_122115628364863413_100366425223093":""},"rop_publish_now_history":[],"rop_publish_now_status":"pending","footnotes":""},"class_list":["post-21944","page","type-page","status-publish","hentry"],"_links":{"self":[{"href":"https:\/\/nord.humanwirtschaftspartei.de\/index.php?rest_route=\/wp\/v2\/pages\/21944","targetHints":{"allow":["GET"]}}],"collection":[{"href":"https:\/\/nord.humanwirtschaftspartei.de\/index.php?rest_route=\/wp\/v2\/pages"}],"about":[{"href":"https:\/\/nord.humanwirtschaftspartei.de\/index.php?rest_route=\/wp\/v2\/types\/page"}],"author":[{"embeddable":true,"href":"https:\/\/nord.humanwirtschaftspartei.de\/index.php?rest_route=\/wp\/v2\/users\/5"}],"replies":[{"embeddable":true,"href":"https:\/\/nord.humanwirtschaftspartei.de\/index.php?rest_route=%2Fwp%2Fv2%2Fcomments&post=21944"}],"version-history":[{"count":4,"href":"https:\/\/nord.humanwirtschaftspartei.de\/index.php?rest_route=\/wp\/v2\/pages\/21944\/revisions"}],"predecessor-version":[{"id":22133,"href":"https:\/\/nord.humanwirtschaftspartei.de\/index.php?rest_route=\/wp\/v2\/pages\/21944\/revisions\/22133"}],"up":[{"embeddable":true,"href":"https:\/\/nord.humanwirtschaftspartei.de\/index.php?rest_route=\/wp\/v2\/pages\/25"}],"wp:attachment":[{"href":"https:\/\/nord.humanwirtschaftspartei.de\/index.php?rest_route=%2Fwp%2Fv2%2Fmedia&parent=21944"}],"curies":[{"name":"wp","href":"https:\/\/api.w.org\/{rel}","templated":true}]}}

<div class="wp-block-image">
<figure class="aligncenter size-medium"><img loading="lazy" decoding="async" width="300" height="300" src="https://nord.humanwirtschaftspartei.de/wp-content/uploads/2025/05/wap-ns-300x300.jpg" alt="" class="wp-image-22073" srcset="https://nord.humanwirtschaftspartei.de/wp-content/uploads/2025/05/wap-ns-300x300.jpg 300w, https://nord.humanwirtschaftspartei.de/wp-content/uploads/2025/05/wap-ns-1024x1024.jpg 1024w, https://nord.humanwirtschaftspartei.de/wp-content/uploads/2025/05/wap-ns-150x150.jpg 150w, https://nord.humanwirtschaftspartei.de/wp-content/uploads/2025/05/wap-ns-768x768.jpg 768w, https://nord.humanwirtschaftspartei.de/wp-content/uploads/2025/05/wap-ns-1536x1536.jpg 1536w, https://nord.humanwirtschaftspartei.de/wp-content/uploads/2025/05/wap-ns-2048x2048.jpg 2048w, https://nord.humanwirtschaftspartei.de/wp-content/uploads/2025/05/wap-ns-1320x1320.jpg 1320w, https://nord.humanwirtschaftspartei.de/wp-content/uploads/2025/05/wap-ns-250x250.jpg 250w" sizes="auto, (max-width: 300px) 100vw, 300px" /></figure>
</div>


<p>Niedersachsen als großes Flächenland &#8230;.</p>


<ul class="wp-block-latest-posts__list has-dates has-author wp-block-latest-posts"><li><a class="wp-block-latest-posts__post-title" href="https://nord.humanwirtschaftspartei.de/?p=22344">Klönschnack in Springe / neues Flugblatt</a><div class="wp-block-latest-posts__post-author">von Redaktion Nord</div><time datetime="2026-03-27T10:17:23+01:00" class="wp-block-latest-posts__post-date">27. März 2026</time><div class="wp-block-latest-posts__post-excerpt">Am 7. März kamen in der ehemaligen Kreisstadt Springe am Deister im Calenberger Land eine kleine Runde von Freiwirten zu einem Klönschnack mit Kaffee/Tee und &hellip; </div></li>
<li><a class="wp-block-latest-posts__post-title" href="https://nord.humanwirtschaftspartei.de/?p=22340">Lüneburger Wochen gegen Rassismus 2026 – Für eine offene Gesellschaft</a><div class="wp-block-latest-posts__post-author">von Redaktion Nord</div><time datetime="2026-03-09T13:55:20+01:00" class="wp-block-latest-posts__post-date">9. März 2026</time><div class="wp-block-latest-posts__post-excerpt">Im Rahmen der Lüneburger Wochen gegen Rassismus finden vom 09. bis zum 29. März 2026 in der Salzstadt und Umgebung wieder viele Veranstaltungen, wie z. &hellip; </div></li>
<li><a class="wp-block-latest-posts__post-title" href="https://nord.humanwirtschaftspartei.de/?p=22329">Nachruf zum Tode von Heinz Schröder</a><div class="wp-block-latest-posts__post-author">von Redaktion Nord</div><time datetime="2026-02-17T10:17:53+01:00" class="wp-block-latest-posts__post-date">17. Februar 2026</time><div class="wp-block-latest-posts__post-excerpt">Am 9. Februar gab die Geschäftsstelle der Humanwirtschaftspartei Nord dem am 20. Januar im Alter von 102 Jahren verstorbenen Parteifreund Heinz Schröder in Wolfsburg das &hellip; </div></li>
<li><a class="wp-block-latest-posts__post-title" href="https://nord.humanwirtschaftspartei.de/?p=22320">Frieden soll werden &#8211; Frieden auf Erden</a><div class="wp-block-latest-posts__post-author">von Web Master</div><time datetime="2026-01-30T09:37:50+01:00" class="wp-block-latest-posts__post-date">30. Januar 2026</time><div class="wp-block-latest-posts__post-excerpt">Hier kommt eine nach Bundesländern sortierte Übersicht aller nachweisbaren Friedensdemos, Mahnwachen und Friedensgebete im Februar 2026 Viele Gruppen aktualisieren ihre Kalender erst kurzfristig. 🕊️ Friedensaktionen &hellip; </div></li>
<li><a class="wp-block-latest-posts__post-title" href="https://nord.humanwirtschaftspartei.de/?p=22300">75 Jahre Parteimitgliedschaft</a><div class="wp-block-latest-posts__post-author">von Redaktion Nord</div><time datetime="2025-12-08T14:20:54+01:00" class="wp-block-latest-posts__post-date">8. Dezember 2025</time><div class="wp-block-latest-posts__post-excerpt">Jüngst besuchte die Geschäftsstelle der Humanwirtschaftspartei Nord unseren Parteifreund Heinz Schröder in Wolfsburg um ihm zur 75-jährigen Mitgliedschaft in der Humanwirtschaftspartei/FSU zu gratulieren, nebst Überreichung &hellip; </div></li>
</ul>

<p>Niedersachsen als großes Flächenland &#8230;.</p>
